**3. Let z(v) = v**3 - 3*v**2 + 2*v. Let h(p) = -3*l(p) - 5*z(p). Give h(5).
-3
Suppose 6*b - 20 = 2*b. Suppose 3*z - 2*z = 4*l + 22, -3*z = -l - 22. Let p(t) = t**2 + 2 - z - 4*t + 0*t**2. Calculate p(b).
1
Let f be (5 - (-2 - 1)) + -3. Let c(y) = -y**2 + 0*y + 2 - 6 - f*y. Calculate c(-5).
-4
Let k(h) be the first derivative of -h**3/6 + h**2/2 - 4*h + 1. Let a(y) be the first derivative of k(y). Suppose -l - 6 = -2. Give a(l).
5
Let q(k) = -15*k - 2. Let o(s) = -16*s - 1. Let h(b) = -3*o(b) + 2*q(b). Determine h(1).
17
Suppose -2*p - p + 12 = 0. Let v(f) = 5*f**3 + 4*f**2 - f + 4. Let i(z) = -6*z**3 - 4*z**2 - 5. Let y(a) = p*i(a) + 5*v(a). Determine y(-5).
0
Let r(i) = 6*i**2 + i - 1. Let u = 44 - 43. Calculate r(u).
6
Suppose -2*i = 4 + 2. Suppose 2*d - 30 = -3*d. Let h(j) = 3 + d*j + 3*j**2 + j**3 - 2*j - 2*j - j. What is h(i)?
0
Let r be (8/10)/(2/10). Let k(f) = f**3 - 5*f**2 + 1. Calculate k(r).
-15
Let b(s) = s**2 + s + 1. Let h(j) = 4*j**2 - j + 4. Let g(v) = 3*b(v) - h(v). What is g(5)?
-6
Let y(l) be the second derivative of 0*l**4 + 1/10*l**5 + 0 - 2*l - 1/6*l**3 + 1/2*l**2. Give y(1).
2
Let p(u) = 4*u**2 - 4*u. Let h(m) = m**2 - 1. Let i(n) = -3*h(n) + p(n). Suppose 2*b = -6 + 2. Let k be -5*(-2 + (b - -3)). Give i(k).
8
Suppose 3*i = -2*g + 21, i - 3*g + 10 = 2*g. Let l(b) = 0*b + 3*b - i*b. Let h be 3 - (0 + 0 + -1). What is l(h)?
-8
Suppose -1 = -x + 1. Let f(y) = 4*y + 2*y**2 - x + y**3 + 0*y + 4 + 0*y. Give f(-2).
-6
Let l(s) = -3*s + 7. Suppose 4*r = -5*h + 1 + 1, 0 = -2*r - 5*h - 4. Let c be 10/3*r/2. Give l(c).
-8
Let j(k) = -k - 3. Let f be j(-9). Let x(u) = 0 + 1 - 5*u - 2*u + f*u + u**2. What is x(2)?
3
Let n(y) = -4*y + 8. Let v(d) = 5*d - 8. Let w(t) = 6*n(t) + 5*v(t). Give w(-9).
-1
Let y be (4/4 - -2) + 0. Let p(x) = x**2 - 2*x - 4. Give p(y).
-1
Let y(f) = -3*f + 52*f**2 + 1 - 25*f**2 - 30*f**2 - 2*f**3 + 2*f. Let d = -4 - -2. Determine y(d).
7
Suppose -5*v = -0*v + 5. Let s(i) = 3*i**2 + i + 1. Determine s(v).
3
Let y(w) = 2*w - 12. Let m be y(8). Let r(t) = t**3 - 3*t**2 - 3*t - 4. Give r(m).
0
Let y(j) be the second derivative of -j**5/20 - 5*j**4/12 - j**3/2 - 3*j**2/2 + 25*j. Give y(-3).
-12
Suppose 2*b + 6 = 8. Let f(l) = 8*l**2 - 1. Calculate f(b).
7
Let g = 6 - 4. Let t(q) = -8 + 17 - 8 - 3*q. Give t(g).
-5
Let u(d) = 1 + 4*d + 0 - 2*d. Suppose 31 = 4*a - 4*t - 1, 5*a + 3*t - 8 = 0. Give u(a).
9
Let z(v) = 3*v**2 - v**2 + 6*v + 18 - 18. Determine z(-4).
8
Suppose 5*t - 5 = 5. Let m(a) = 0*a**3 + 11*a - 3*a**t + a**3 - 9*a. What is m(2)?
0
Suppose 3*u = 7*u. Suppose k - 9 = -2*k. Let v(l) = 7 + 4*l - 2*l - k*l. What is v(u)?
7
Let a(o) be the first derivative of o**2/2 - 24*o - 25. Determine a(0).
-24
Let r(q) be the second derivative of q**5/20 - q**4/4 + 20*q. What is r(4)?
16
Let y be (-14)/6 + (-6)/9. Let d(g) = -9*g + 6*g - 4 + 8. Give d(y).
13
Suppose 0 = 6*x + 17 + 7. Let d(q) = q**3 - 5*q**2 - 4*q - 7. Let f(m) = m**3 - 5*m**2 - 4*m - 7. Let j(z) = x*f(z) + 5*d(z). Calculate j(6).
5
Let a(p) = p**2 + 6*p - 2. Let u = 4 - 13. Let f(x) = -x - 5. Let j be f(u). Let v be j/18 + 47/(-9). Determine a(v).
-7
Suppose -6*w = -43 + 7. Let n(x) = -x + 11. Determine n(w).
5
Suppose -2*t - o = -4 + 12, -5*o - 16 = 2*t. Let w(v) = 2*v + 6*v - 1 - 6*v. Calculate w(t).
-7
Let n(p) = 2*p**2 + 8*p + 2. Let r(h) = 3*h**2 + 9*h + 3. Let t(u) = -5*n(u) + 4*r(u). Let l = 2 - 0. What is t(l)?
2
Let x(h) be the third derivative of -5*h**4/24 + h**3/6 + 7*h**2. Determine x(-1).
6
Let m = 34 + -38. Let n(x) be the first derivative of -x**3/3 - 4*x**2 - 6*x - 1. Give n(m).
10
Suppose 0 = c - 17 - 3. Suppose -4 = 4*h - 3*n, -7*h = -3*h + n + c. Let q(w) = -w**3 - 3*w**2 + 3*w. What is q(h)?
4
Suppose 4 = 2*p - 4*b, -2*p + p - 5*b = 26. Suppose -3*m - 3*s - 9 = 0, 4*s = -5*m - 6 - 4. Let z(v) = -m - v**3 - 6*v**2 - v + v. Give z(p).
-2
Let c(g) be the third derivative of -g**6/720 + g**5/30 + g**4/6 - 4*g**2. Let x(a) be the second derivative of c(a). Give x(0).
4
Let l(k) = 12*k**2 - 7*k - 6. Let d be 19/(-1) + (2 - 0). Let a(g) = 35*g**2 - 20*g - 17. Let z(c) = d*l(c) + 6*a(c). What is z(1)?
5
Let g(a) = 9*a**3 + 1. Let w(q) = -28*q**3 - q**2 + q - 4. Let z(r) = 7*g(r) + 2*w(r). Suppose 2*u - 2 = -0*u. Let b be ((-5)/(-10))/(u/2). What is z(b)?
6
Let u(z) = -z**2 - 6*z + 8. Let f be u(-7). Let c be 0/1 + (f - 3). Let m(k) = 1 + k**2 + 0*k + 0 + 0 - k. Calculate m(c).
7
Let j = 8 - 7. Let t(r) be the first derivative of 5*r**4/4 - 2*r**3/3 + r + 1. Calculate t(j).
4
Let l be ((-120)/14)/(-5)*(-14)/(-4). Let a(s) = -s + 12. Determine a(l).
6
Let g(z) be the first derivative of z**4/4 - z**3/3 - 2*z - 3. Suppose -2*c - 3*c = 35. Let u = c - -7. What is g(u)?
-2
Let q(j) = j. Suppose 7*a + 11 = 5*d + 3*a, 2*d + a = 7. Determine q(d).
3
Let v(j) be the second derivative of j**3/3 + 2*j**2 + 9*j. Calculate v(-5).
-6
Let y(h) = -3*h + 4. Suppose 3*l - l + 5*p + 11 = 0, l = -2*p - 4. Let q = 0 + l. Suppose 4*r - 2 = -2*b + 8, -5*r = q*b - 10. Give y(b).
-11
Let y(f) = 4*f - f**3 + 27*f**2 + 0*f - 24*f**2. Calculate y(4).
0
Suppose -v + 6 = 2*v. Let m(y) = -3*y**2 + 2*y**v + 5 + y - 2*y - 4. Let t(g) = 3*g**2 + 11*g - 7. Let c(s) = 4*m(s) + t(s). Determine c(6).
3
Suppose 5*z = -2*b + 10, -3*b - 10 = -4*z - 5*b. Let l(k) = -k**2 - k - 22. Let p be l(z). Let s = p - -16. Let m(d) = d**2 + 5*d. Determine m(s).
6
Let g(s) = -3 + s + 0*s - 3. Let l(b) = -3*b + 19. Let c(f) = -11*g(f) - 4*l(f). Suppose -x = 2*x - 15. What is c(x)?
-5
Let b = 3 + 1. Suppose -10 = b*q - 2*q. Let m(z) be the second derivative of -z**3/6 - z**2 - z. Give m(q).
3
Suppose -2*i + 8*t - 4*t + 16 = 0, 4*t = -5*i + 26. Let q(s) = 3*s - 9. Determine q(i).
9
Let d(p) be the second derivative of p**5/20 - 7*p**4/12 + 2*p**3/3 + 3*p**2 + 3*p. Calculate d(6).
-6
Let b(m) = m**3 + m**2 - m - 1. Suppose 9 = -4*n - 3*a, 0 = 5*n - 3*a - 0 - 9. What is b(n)?
-1
Let o(p) = -8*p**2 - p - 1. Let y be 42/24 - (-2)/8. Suppose -2 = y*v - 0. Determine o(v).
-8
Suppose m + 0*m = 0. Let x(t) = 1 + m - 1 + t**2. Let z(d) = 2*d - 3. Let j be z(3). Determine x(j).
9
Let s(r) = -r**2 + 17*r - 55. Let f be s(12). Let b(q) = q**2 + 1. What is b(f)?
26
Let c(i) = i + 1 - 4 + 5. Suppose -2*n = -n - 5. Suppose n + 3 = 4*w. What is c(w)?
4
Let u(t) be the second derivative of -t**5/20 + 5*t**4/12 - t**3 + 3*t**2/2 + 29*t. Give u(4).
-5
Let b = 37 - 25. Suppose 2*k - b = -4*z, -z + 0*z - 2*k = -6. Let c(f) = 2*f**2 - 5*f**2 + f + 0 + z - f**3 + 0*f**3. Determine c(-2).
-4
Let n(p) = 4*p**2 - 7. Let z(f) = f**2 - 1. Let o(q) = -3*n(q) + 21*z(q). Determine o(-1).
9
Let s(h) be the second derivative of -1/6*h**3 - 3*h + 0 - 5*h**2. Let l(o) = o + 1. Let z be l(-1). Give s(z).
-10
Suppose -16 = -2*f - 2*f + 4*p, f + 8 = -5*p. Let g(l) = 8*l + 4 - 3 + 5 + l**f. Give g(-6).
-6
Let j(o) = o**3 - 7*o**2 - 8*o - 2. Let m be j(8). Let f be -2 + -1 + m + 2. Let c(i) = i**2 - 3. Calculate c(f).
6
Let b = -2 - -12. Let h be 2/b + 42/15. Let n(s) = 2 - 3 + s - h. Calculate n(3).
-1
Let c(z) = z**3 + 2*z**2 - 7*z - 2. Let g(h) = h**3 + h**2 - 6*h - 2. Let t(n) = -4*c(n) + 5*g(n). Determine t(3).
-8
Suppose 0 = -4*h - h. Let q(i) = i**3 + i**2 - i - 13. What is q(h)?
-13
Let f(z) = -3 + 1 - 4*z**2 - 3*z**2 + 5*z**2. What is f(-2)?
-10
Let a = -88 + 86. Let c(x) = 2*x**2 + 3*x + 3. Determine c(a).
5
Let g(o) = -2*o**2 + 2*o - 3. Suppose 3*m + 5*v - 2*v = -24, 2*v = 2*m + 32. Let a be (m/(-20))/(1/5). Suppose -3*z + 7*r = a*r + 2, z = -3*r + 8. Give g(z).
-7
Let f(u) = -6*u - 2*u - 3*u + 1 - 2*u. Calculate f(-1).
14
Let k(h) = h + 2. Let g(b) = -b**3 - b**2 - 5*b - 11. Let s be g(-2). What is k(s)?
5
Let j = -7 + 11. Let z(u) = -u**3 - 4*u**2 + u + 1. Let n(w) = -4*w**3 - 12*w**2 + 3*w + 4. Let o(b) = -2*n(b) + 7*z(b). Determine o(j).
3
Let g = 1 - 1. Let m(o) = 1 + 5*o + g*o - 4*o - 2*o. Determine m(-4).
5
Let v = 50 + -45. Let n(u) = -u**2 - 3 + 7*u + 0*u - 2*u. Give n(v).
-3
Let l be 3*(-2)/(-6)*(-13 - -7). Let m(h) = -h**2 - 5*h - 7. What is m(l)?
-13
Let k(s) = 3 + 9*s + 3 - 6. Calculate k(1).
9
Let n(r) = r - 3. Let g(k) = k + 4. Let q be g(-7). Give n(q).
-6
Suppose 0 = 3*p - 4*f - 11, 0 = -4*p - 0*f + f + 6. Let s(v) = 3*v**2. Calculate s(p).
3
Let q(h) = -h**3 + 5*h**2 + 3*h. Suppose -3 = -10*z + 3